77
Let v(r) = -27*r**3 - 1599*r**2 + 10559*r + 47. Calculate v(6).
5
Let q(t) = -6*t**3 + 371*t**2 - 304*t - 199. Calculate q(61).
-138
Let f(j) = -1796*j + 79598. What is f(44)?
574
Let j(u) = 9597*u - 796533. What is j(83)?
18
Let x(s) = s**2 + 11033*s - 398478. Calculate x(36).
6
Let y(x) = -x**3 - 46*x**2 + 157*x + 239. Determine y(-49).
-251
Let v(u) = -122*u**2 + 12193*u + 826. Calculate v(100).
126
Let a(m) = 181589*m - 4358120. Determine a(24).
16
Let p(v) = -2025*v + 128117. Give p(63).
542
Let i(b) = -15428*b + 370115. Give i(24).
-157
Let v(u) = 18*u**2 + 13*u + 73. Give v(-3).
196
Let s(i) = i**2 - 877*i - 926024. Determine s(-619).
0
Let a(k) = k**2 + 4670*k + 335586. Calculate a(-73).
5
Let p(q) = -9*q**3 - 1792*q**2 - 7222*q - 767. Calculate p(-195).
598
Let g(b) = b**3 - 38*b**2 - 500*b - 1446. Determine g(-6).
-30
Let i(c) = -c**3 + 97*c**2 - 1296*c + 110. Calculate i(81).
110
Let b(p) = -1109*p - 886040. What is b(-799)?
51
Let y(b) = 262450*b - 8398404. Calculate y(32).
-4
Let o(n) = -n**3 - 49*n**2 - 381*n - 3811. Give o(-42).
-157
Let t(z) = -233*z**2 + 334*z + 15. Determine t(2).
-249
Let y(t) = -t**3 - 546*t**2 - 1261*t - 390219. What is y(-545)?
1
Let l(j) = 446*j**2 - 1806*j - 37. What is l(4)?
-125
Let x(q) = 2*q**2 - 190*q + 1204. What is x(88)?
-28
Let u(n) = 456*n + 100. Calculate u(1).
556
Let q(j) = -861*j - 6038. What is q(-7)?
-11
Let t(q) = -35*q**2 - 2183*q - 803. What is t(-62)?
3
Let h(l) = -l**3 - 207*l**2 + 628*l - 83. Give h(-210).
337
Let x(t) = -5*t**3 - 819*t**2 - 792*t - 22840. What is x(-163)?
-20
Let g(i) = -2*i**3 + 77*i**2 - 89*i - 885. What is g(37)?
-71
Let v(b) = -b**3 - 26*b**2 + 146*b - 284. What is v(-31)?
-5
Let y(m) = 21*m - 3490. Determine y(178).
248
Let a(w) = -18466*w + 18455. What is a(1)?
-11
Let m(v) = -26373*v - 316406. Calculate m(-12).
70
Let l(q) = 208*q**2 + 27*q + 8. Calculate l(-2).
786
Let y(x) = 3*x**3 - 53*x**2 + 178*x - 1522. Give y(16).
46
Let f(w) = 2*w**2 - 242*w - 431. Give f(117).
-1367
Let c(w) = 179*w**2 + 3744*w - 333. Calculate c(-21).
-18
Let o(w) = -3*w**2 + 120*w - 921. Give o(24).
231
Let l(g) = 227474*g + 682378. Give l(-3).
-44
Let q(k) = 44*k + 3706. Calculate q(-87).
-122
Let g(s) = -333*s**2 - 378*s + 14. What is g(-1)?
59
Let r(u) = -142*u**2 - 27530*u + 3491. What is r(-194)?
-1
Let u(q) = -12*q**2 - 27402*q - 54799. Calculate u(-2).
-43
Let y(s) = -s**3 + 206*s**2 + 7352*s - 1174. Give y(237).
11
Let a(w) = -w**2 + 4630*w - 2393946. Calculate a(593).
-5
Let i(l) = -40*l**2 - 1894*l + 7580. Give i(4).
-636
Let q(i) = -14*i + 446. Give q(-35).
936
Let d(o) = -21*o**3 - 6*o**2 + 2823*o + 16923. Determine d(-6).
4305
Let v(s) = 20*s**3 + 133*s**2 - 682*s + 72. Give v(5).
2487
Let u(i) = -5*i**2 + 19*i - 64. What is u(0)?
-64
Let r(d) = d**3 + 622*d**2 - 3826*d - 36429. Calculate r(-628).
-5
Let w(h) = h**3 - 179*h**2 + 1524*h + 1173. Give w(170).
153
Let s(t) = -t**3 + 301*t**2 + 313*t - 3353. What is s(302)?
-31
Let b(i) = -9153*i - 100647. Determine b(-11).
36
Let t(f) = 21*f**3 - 10461*f**2 + 1497*f - 1477. Calculate t(498).
17
Let n(t) = 23031*t + 829247. Determine n(-36).
131
Let k(d) = -7698*d - 1023751. Determine k(-133).
83
Let l(z) = 235*z - 28666. Determine l(122).
4
Let a(k) = 53*k**2 + 2185*k + 16476. What is a(-10)?
-74
Let n(t) = 54*t**2 + 89*t + 741. Calculate n(-7).
2764
Let q(l) = 6*l**2 + 585*l - 392109. Give q(-309).
12
Let o(t) = -4477*t + 984929. Determine o(220).
-11
Let h(n) = 23430*n + 11855571. What is h(-506)?
-9
Let b(l) = l**3 - 10*l**2 + 17*l - 86. Give b(12).
406
Let s(j) = -11*j**2 + 1544*j - 3413. Determine s(138).
175
Let p(a) = -29*a**2 + 94*a - 746. Determine p(8).
-1850
Let p(u) = u**2 + 95459*u - 3724413. What is p(39)?
9
Let n(q) = 87*q**2 - 2*q + 33. What is n(-4)?
1433
Let w(j) = 2*j**2 + 9*j - 1587. Give w(-30).
-57
Let i(l) = 20428*l + 224701. Calculate i(-11).
-7
Let b(t) = -8008*t - 5405406. What is b(-675)?
-6
Let l(z) = 55731*z + 2117794. Give l(-38).
16
Let m(o) = -3*o**3 - 972*o**2 - 28032*o + 2. What is m(-32)?
2
Let n(k) = 15*k**2 + 9291*k + 55752. Calculate n(-6).
546
Let r(p) = 29*p**3 + 2506*p**2 - 1474*p + 455. Give r(-87).
20
Let j(d) = -71843*d + 1221482. What is j(17)?
151
Let m(v) = 221*v**2 + 2024*v - 101. Calculate m(-9).
-416
Let x(m) = 401943*m - 3215516. Give x(8).
28
Let b(y) = -252*y + 30868. What is b(124)?
-380
Let s(k) = -3*k**2 + 152*k + 3370. Give s(65).
575
Let o(q) = -35012*q**2 + 34921*q + 93. Give o(1).
2
Let b(n) = 12*n**3 + 133*n**2 + 631*n + 6896. Calculate b(-11).
76
Let w(t) = -6*t**2 - 54*t + 33. Give w(-5).
153
Let s(l) = 390*l - 7132. Calculate s(27).
3398
Let f(z) = -18*z**2 - 1289*z + 5469. Give f(4).
25
Let a(t) = -t**2 - 365*t - 27830. What is a(-123)?
1936
Let f(z) = -z**3 - 168*z**2 + 20*z - 25101. Calculate f(-169).
80
Let j(x) = -1183513*x + 3550535. What is j(3)?
-4
Let t(h) = -1773*h + 37305. Calculate t(21).
72
Let t(o) = -77*o**3 - 6985*o**2 + 1996*o - 548. Give t(-91).
-2
Let w(n) = 3*n**2 - 66*n + 505. Calculate w(14).
169
Let i(y) = -y**3 - 28*y**2 + 239*y - 893. Calculate i(-35).
-683
Let g(z) = -45139*z + 1. Give g(0).
1
Let d(i) = 76937*i + 8232259. Calculate d(-107).
0
Let x(o) = -1016*o + 271448. What is x(267)?
176
Let c(r) = -3016*r - 72355. Give c(-24).
29
Let b(m) = -2*m**2 - 31726*m + 31728. What is b(1)?
0
Let n(k) = -2*k**3 - 53*k**2 + 24*k - 34. What is n(-26)?
-1334
Let g(u) = -953*u**3 + 236343*u**2 + 252*u - 971. Determine g(248).
21
Let a(q) = q**3 + 98*q**2 - 15995*q - 1546598. Calculate a(-95).
2
Let x(a) = -a**3 - 7*a**2 + 39*a + 272. Determine x(-7).
-1
Let h(v) = -200*v**2 - 21869*v - 77. Calculate h(-109).
7444
Let x(u) = -u**3 + 8*u**2 + 9*u - 155. Determine x(9).
-155
Let x(v) = -6*v**3 - 17*v**2 + 84*v - 105. What is x(-6)?
75
Let o(i) = -i**2 - 50*i + 3939. Calculate o(46).
-477
Let q(g) = -254*g**2 - 3570*g - 166. What is q(-14)?
30
Let w(y) = -1017*y**2 - 35*y + 33. What is w(1)?
-1019
Let h(s) = -2*s**3 + 13*s**2 + 7*s - 215. Calculate h(7).
-215
Let m(k) = -848*k - 5244. Give m(-6).
-156
Let t(s) = -6*s**2 - 394*s - 1466. Calculate t(-4).
14
Let d(b) = -80*b**2 - 1066*b - 20. What is d(-14)?
-776
Let w(q) = 104*q + 163. What is w(-4)?
-253
Let w(h) = -h**3 - 42*h**2 + 2051*h + 129. Determine w(-71).
697
Let k(q) = -q**2 + 137*q + 83. Determine k(141).
-481
Let b(a) = a**3 + 34*a**2 + 176*a - 1054. Calculate b(-12).
2
Let t(b) = -15*b**2 + 585*b + 164. Calculate t(41).
-1066
Let w(q) = -q**3 - 70*q**2 + 729*q + 14579. Determine w(-77).
-51
Let g(f) = 57*f + 11613. Give g(-159).
2550
Let b(p) = 20*p**3 - 282*p**2 - 624*p + 256. What is b(16)?
0
Let d(r) = -r**3 - 264*r**2 - 16928*r + 1320. Calculate d(-110).
0
Let q(y) = 2*y**3 - 42*y**2 + 7*y - 1007. Give q(23).
1270
Let r(h) = h**3 + 40*h**2 - 376*h - 19636. Calculate r(-27).
-7
Let f(x) = -3*x**2 - 337*x + 3075. What is f(9)?
-201
Let f(h) = 17*h**3 - 34*h**2 - 610*h + 3636. What is f(6)?
2424
Let u(g) = 70246*g + 351331. Determine u(-5).
101
Let d(p) = -13415*p**2 - 53661*p + 1. Determine d(-4).
5
Let t(u) = -u**2 - 1879*u - 62615. Calculate t(-34).
115
Let r(n) = n**3 - 4*n**2 + 64*n - 200. What is r(5)?
145
Let o(s) = s**3 - 558*s**2 - 1191*s + 353302. What is o(559)?
14
Let s(j) = -2*j**2 - 322*j + 21446. Give s(63).
-6778
Let j(y) = -291*y - 5032. What is j(-17)?
-85
Let y(x) = -473*x - 16500. Give y(-35).
55
Let n(x) = -x**2 + 8059*x + 454448. Determine n(-56).
8
Let i(r) = 165146*r - 990866. Give i(6).
10
Let j(c) = 2908*c - 38189. Determine j(12).
-3293
Let x(s) = -s**2 + 730*s - 73205. What is x(120)?
-5
Let g(t) = -27*t**3 - 170*t**2 - 87*t - 231. What is g(-6)?
3
Let i(f) = 2*f**2 - 210*f + 2428. Give i(92).
36
Let q(x) = -7*x**2 + 3087*x + 21361. Give q(-7).
-591
Let v(m) = -2616*m - 7852. Give v(-3).
-4
Let u(h) = h**3 + 15*h**2 + 393*h + 4976. Calculate u(-13).
205
Let k(r) = -26*r**2 + 4819*r - 1242. Calculate k(185).
423
Let x(q) = -122*q**2 + 2198*q + 61. Determine x(18).
97
Let l(m) = -3*m**2 - 472*m - 11982. Determine l(-122).
950
Let c(u) = -125*u**2 + 3131*u - 161. Calculate c(25).
-11
Let j(s) = 14386*s - 373997. Determine j(26).
39
Let c(d) = -6*d**3 - d**2 + 20*d - 9. Calculate c(0).
-9
Let k(w) = 4*w**2 + 246*w + 491. Give k(-60).
131
Let v(k) = -3